1 - -3494. Calculate the remainder when j is divided by 11.
7
Let d be ((-5)/(-2))/(6/(192/20)). Suppose -36 = -d*i + 5*y + 32, 5*y = -i + 42. What is the remainder when 174 is divided by i?
20
Suppose 3*m - 16*k + 18*k = 113, m + 2*k = 47. Calculate the remainder when 1137 is divided by m.
15
Let u = -94 - -161. Suppose 2*i + 3*h + 11 = -0*i, -3*h = 15. Suppose -i*x + 47 = -4*r + 5*r, 0 = 4*x - 3*r - 89. What is the remainder when u is divided by x?
21
Suppose 3*j = -3*k + 36, -j - 20 + 2 = -k. What is the remainder when 1139 is divided by k?
14
Suppose -2*k - 2 = 0, 2*m - 9 = m + 5*k. Suppose m*p = -n + 47, -1 = n - 4. Calculate the remainder when 169 is divided by 372/11 + 2/p.
33
Let u = -36012 + 36943. Calculate the remainder when u is divided by 367.
197
What is the remainder when 21/9 - 12368/(-48) is divided by 11?
7
Let y = -650 + 1127. Suppose -13*q + 22*q + y = 0. Let i = q + 82. Calculate the remainder when i is divided by 6.
5
Let h = 1815 - 1322. Calculate the remainder when h is divided by 160.
13
Let f = -155 - -183. Suppose f*r - 9*r - 627 = 0. Calculate the remainder when 192 is divided by r.
27
Let z(k) = 2*k**2 - 6*k + 1. Let s be z(4). Let j = -7376 - -7391. Calculate the remainder when (-2 + s)*85/5 is divided by j.
14
Suppose 13*s = -5 + 44. Suppose 0 = -5*t + 3*w - 1, -2*t - s*w - 2*w = 19. What is the remainder when 2 - -91*t/(-2) is divided by 32?
29
Suppose -5*x + 1374 = -0*x - 1171. Calculate the remainder when x is divided by 268.
241
Let l(d) = 515*d**2 + 19*d + 45. Calculate the remainder when l(-2) is divided by 345.
342
Let p = 19202 + -19112. Calculate the remainder when 355 is divided by p.
85
Suppose 3*y + 105*c - 903 = 104*c, -5*y - 4*c = -1505. What is the remainder when y is divided by 39?
28
Let r be (-6884)/(-16) - (-8)/(-32). Let w = r - 383. What is the remainder when 176 is divided by w?
35
Let w be (-5 + -5)/(-5) - 1*3. Let f = 344 + -230. Calculate the remainder when f is divided by (0 - w)/(1/29).
27
Let o(i) = 23*i**3 - 9*i**2 - 19*i - 9. Let p(w) = -5*w**3 + 2*w**2 + 4*w + 2. Let k(v) = 2*o(v) + 11*p(v). What is the remainder when k(-2) is divided by 22?
14
Suppose 281*f - 757*f + 16628584 = 0. Calculate the remainder when f is divided by 255.
254
Let j = -24 + 61. Suppose -72 = -3*l - q, -13 = -l - 2*q - 2*q. Let f = j - l. Calculate the remainder when 34 is divided by f.
10
Suppose 6*n + f = 448 + 332, -5*n + 650 = 3*f. Calculate the remainder when 779 is divided by n.
129
Suppose 56*c - 57*c - 2 = 0. Let s be (-23 + -1)/(2/(-72)). Calculate the remainder when (1/c)/((-8)/s) is divided by 28.
26
Let o = 100 - 94. Suppose -2*g = -6, o*l - 817 = l + g. What is the remainder when l is divided by 33?
32
Let g = -10410 + 10477. Calculate the remainder when 372 is divided by g.
37
Let t(a) = -a**2 - 7*a - 3. Let r be t(-6). Suppose 15 = r*d + 6*z - z, 4*d + 6 = 2*z. Suppose l = -d + 13. Calculate the remainder when 22 is divided by l.
9
Calculate the remainder when (-89446)/(-50) + -11 + (-5263)/(-475) is divided by 85.
4
What is the remainder when 12*(-75)/60*(1 - 176) is divided by 649?
29
Let y(b) = b**3 - 15*b**2 + 3*b + 31. Let r be y(16). Suppose -9*q = -322 - r. What is the remainder when q is divided by 11?
7
Let l = -293 + 677. Let y(p) = 5*p**3 - 7*p**2 - 105*p + 320. What is the remainder when l is divided by y(3)?
76
Let t = 45 - 32. Suppose -24*u = -20*u - 8. Suppose 0*n = -u*m + 2*n + 112, 2*m + 2*n = 132. Calculate the remainder when m is divided by t.
9
Let s(x) = x**2 + 39*x + 364. What is the remainder when 418 is divided by s(-11)?
26
Let v = 2018 + -2015. What is the remainder when 173 is divided by v?
2
Let n be 10 + 0/2 + 2. Suppose 4*x + n = 2*c, x + 35 = 5*c - 4*x. Calculate the remainder when 141 is divided by c.
5
Suppose 122*h + 1935 = 11329. What is the remainder when 1608 is divided by h?
68
Let m = -59 - -73. Suppose -7*v = -6*v, -2*v - 668 = -4*q. What is the remainder when q is divided by m?
13
Suppose 12*u = 5*u + 420. Suppose 2*o = -5*m + u, 31 - 55 = -2*m + o. What is the remainder when 66 is divided by m?
6
Let c(w) = -18*w**2 + 541*w + 170. What is the remainder when c(26) is divided by 109?
106
Let t(m) = m**2 + 18*m - 67. Let o be t(-22). Suppose -3*z = 23*l - o*l - 148, l = 5*z - 238. Calculate the remainder when z is divided by 11/(-2)*-2 - -2.
9
Let k(v) be the second derivative of v**4/12 + 7*v**3/6 - 25*v**2/2 + 18*v. What is the remainder when 22 is divided by k(3)?
2
Suppose 0 = -5128*c + 5138*c - 360. Calculate the remainder when 609 is divided by c.
33
What is the remainder when 196 is divided by ((-54)/108)/((-1)/108)?
34
Suppose 93 = 3*t + 27. Let i = t - 17. Suppose b + 117 = 5*f, -i*b + 86 - 4 = 4*f. Calculate the remainder when f is divided by 12.
11
Suppose 878 + 4310 + 1938 = 14*j. What is the remainder when j is divided by 182?
145
Let g = -4269 - -4335. Calculate the remainder when 198 is divided by g.
0
Suppose -7*g + 4964 - 624 = 0. What is the remainder when g is divided by 63?
53
Let k = 106 - 97. What is the remainder when 4 - -51*((-12)/18 + 1) is divided by k?
3
Calculate the remainder when (2 - 5)*((-2369)/57 - 190/1805) is divided by 6*2*7/4.
20
Suppose -3*w = 5*p - 2*w - 87, -3*w - 9 = 0. Let a = 14743 + -14725. Calculate the remainder when a is divided by p.
0
Suppose -45*v - v = 154*v - 21400. Calculate the remainder when 390 is divided by v.
69
Let u(a) = -2*a**3 + 106*a**2 + 110*a - 45. Calculate the remainder when 215 is divided by u(54).
26
Suppose -2*o + 135 = 3*o + 5*y, -o + 3*y + 23 = 0. What is the remainder when 2/6*(156 - 9) is divided by o?
23
Let t(c) = -2*c**2 + 3*c + 35. Let j be t(-11). Calculate the remainder when (36/(-16))/(2/j) is divided by 34.
32
Let s = -52 + 54. Let z = 0 + s. Suppose -z*q = -20 - 22. What is the remainder when 125 is divided by q?
20
Let p(r) = 36*r**2 + 13*r - 64. What is the remainder when p(-7) is divided by 47?
11
Let j(n) = n + 10. Let x be j(-13). Let q be (2 - 1)*(x + 6) + -3. Suppose q = 12*s - 0*s - 312. Calculate the remainder when 129 is divided by s.
25
Let a(k) = 2*k**2 + 10*k - 4. Suppose z = 2 - 7. Let l be a(z). Calculate the remainder when 5 is divided by 0 + ((-9)/3 - l).
0
Let g(d) = -377*d + 6174. What is the remainder when 236 is divided by g(16)?
94
Suppose 0 = u + 5*l - 2113, u - 2105 = -0*u - l. Suppose -6*o + u = 537. Calculate the remainder when o is divided by 24.
21
Let f be (4/6)/(68/275910). Suppose -577 + f = 7*b. What is the remainder when b is divided by 17?
15
Let u(l) = -299*l + 16. Let f be u(-2). Let b = -584 + f. Calculate the remainder when 30 is divided by b.
0
Suppose -294397 - 97463 = -28*p. What is the remainder when p is divided by 4?
3
Let v = 1 + 4. Calculate the remainder when ((-3328)/(-36))/4 + (-27)/(222 - -21) is divided by v.
3
What is the remainder when 613 is divided by -4 + (-4508)/(-294) + (-1)/3?
8
Let s(l) = 2*l**2 + 4*l - 4. Suppose -6*j + 9*j - 93 = 0. What is the remainder when s(7) is divided by j?
29
Let a(w) = w**3 - 49*w**2 - 52*w + 323. What is the remainder when 451 is divided by a(50)?
5
Suppose 54*l = l + 742. Suppose -q = q - 2. What is the remainder when 50 + 1 + (-2 - q) is divided by l?
6
Let r = 4263 + -1151. Suppose -24*y = -28*y + r. What is the remainder when y is divided by 30?
28
Suppose -2*t + 482 = 5*y, -t + 27 = -4*y + 423. Calculate the remainder when y is divided by 6*3*17/34.
8
Let i be 4/16*4 + -19. Let y be (-18)/81 - 58/i. Suppose -5*j - 5*h + 49 = -141, -y*h = 3. Calculate the remainder when j is divided by 20.
19
Let u(i) = -7*i + 24. Let a be u(4). What is the remainder when 89 is divided by -5 - (-63)/18 - 162/a?
11
Suppose -15*h = -22*h + 16*h - 52236. What is the remainder when h is divided by 15?
14
Let y(z) be the first derivative of -z**4/4 - 4*z**3 + 13*z**2 + 27*z - 73. What is the remainder when y(-14) is divided by 29?
26
Suppose 28 + 11 = q. Let b = 23 + -12. Suppose 9 + b = 2*a. Calculate the remainder when q is divided by a.
9
Suppose r - 222 - 73 = -88. What is the remainder when r is divided by 87?
33
Suppose -72*c + 73*c + 3*p = 7507, 0 = 3*c + 3*p - 22479. What is the remainder when c is divided by 59?
52
Suppose 299 - 99 = k - 5*b, 2*k = -b + 356. What is the remainder when k is 